 - 360. Calculate the remainder when 94 is divided by h(-24).
22
Let y = 104 + -63. Let p(m) = m**3 + 16*m**2 - 18*m - 3. What is the remainder when y is divided by p(-17)?
13
What is the remainder when 352 is divided by ((-64)/10)/((-10)/550)?
0
Let r = 26 + -27. Let n(m) = -4*m + 2. Calculate the remainder when 39 is divided by n(r).
3
Let a(w) = w**2 + 12*w + 30. What is the remainder when a(-15) is divided by 26?
23
Suppose 0 = 5*a + 5*l - 435, -19 = 3*a - 2*l - 285. Suppose 33 = o - 3*p, -3*o - 5*p + 29 = -0*o. What is the remainder when a is divided by o?
16
Suppose -u + 49 = -0*h - h, 2*u - 4*h = 108. Let o(n) = n**3 - 54*n**2 - 173*n + 129. What is the remainder when u is divided by o(57)?
14
Suppose k - 1 - 1 = 0. Let d(s) = s**k + 7*s - 7 + 0 + 0 - 2*s. Calculate the remainder when 20 is divided by d(-7).
6
Suppose 2*m = 0, 3*c + 5*m + 130 = 8*c. Calculate the remainder when 92 is divided by c.
14
Let j be 6/(-2)*(-8)/24. Let w(l) = -446*l + 2. Let k be w(j). What is the remainder when k/(-10) + (-6)/15 is divided by 15?
14
Suppose -l + 2*p + 35 = -27, 2*p - 310 = -5*l. Let f(y) be the first derivative of y**2/2 + 8*y - 1. Calculate the remainder when l is divided by f(8).
14
Let c = 98 - 56. Suppose -2*m = z - 7, -8*m + 13*m - 4*z = 37. Suppose u = -2*v + 45, -4*u - 21 - 85 = -m*v. What is the remainder when c is divided by v?
20
Let h(w) = -3*w + 9. Let l be h(6). Suppose -6*a = 4*a + 130. Let n = l - a. What is the remainder when 13 is divided by n?
1
Let n(b) = 3*b**2 - 4*b**2 - 4 - 1 - b - 2*b. Let p be n(-2). Calculate the remainder when 41 is divided by -1*p/((-9)/(-42)).
13
Let t be (-10)/(-20)*(-324)/(-2). Suppose 0 = 4*w + 5*b - 57, -w + 6*w = -3*b + t. What is the remainder when 69 is divided by w?
15
Let h(z) = -z**3 + 7*z**2 + 3*z - 2. Calculate the remainder when 463 is divided by h(4).
57
Let s = -575 + 637. What is the remainder when s is divided by 9?
8
Suppose -110 = -7*n + 2*n. What is the remainder when (-1844)/(-12) + -1 + (-3)/(-9) is divided by n?
21
Suppose -4*z + 2 = -d, -34 = 4*d - d - 5*z. Let y = 6 - d. Calculate the remainder when y is divided by 13.
11
Let v = 56 - 29. What is the remainder when (6/(-15))/(60/650)*-18 is divided by v?
24
Let y(w) = -30*w + 4. Let v be y(-7). Let a = v + -112. Suppose -a = -3*p - 15. Calculate the remainder when 86 is divided by p.
28
Let z = 13 - 10. Let v(t) = -11 - t**z + 0*t**3 - 8*t**2 - 9*t + 0*t**3. Calculate the remainder when v(-8) is divided by 16.
13
Let v(p) = -p**2 + 34*p + 22. What is the remainder when v(29) is divided by 17?
14
Suppose -2*c + 4*c = 2, 4*t + 4*c = 40. Let m(k) = 2*k**2 - 6*k - 3. Calculate the remainder when m(6) is divided by t.
6
Suppose 3*h - 67 = 5*z, -5*h - 4*z = -157 + 107. Calculate the remainder when 176 is divided by h.
8
Suppose 3*a = 4*l + 29, 3*l + 22 = 3*a - a. Let w = l + 10. Suppose w*o - 4 = 12. Calculate the remainder when 31 is divided by o.
7
Suppose -5*h - 3*k + 359 = 0, 64 = h + 2*k - 4*k. Let p = h - 40. Calculate the remainder when 149 is divided by p.
29
Let x = 31 + -37. Let a(w) = 2*w**2 + 3*w + 2. Calculate the remainder when a(x) is divided by 12.
8
Suppose 6*u - 10 = 4*u, -4*d + 5*u - 1 = 0. Calculate the remainder when 10 is divided by d.
4
Let c(a) = 18*a - 33. Calculate the remainder when 296 is divided by c(6).
71
Let a = -5 - -14. What is the remainder when a is divided by 8?
1
Let p(o) = -134*o - 1. Let l(m) = -18*m + 9. Calculate the remainder when p(-1) is divided by l(-2).
43
Let a = 526 - 485. What is the remainder when 242 is divided by a?
37
Let p(q) = -q**2 - 15*q + 3. Let m be p(-16). Let g = 17 + m. Suppose 3*h - 6*h = -21. Calculate the remainder when h is divided by g.
3
Let n = 6 - -40. Suppose 0 = 2*j + 4*p - n, 0 = -15*j + 10*j - 3*p + 143. Calculate the remainder when 92 is divided by j.
30
Let h(q) = -24*q**2 + 2 - 2*q**3 + 0*q + 6*q + 31*q**2 + 3*q**3. Let d = 111 + -8. Calculate the remainder when d is divided by h(-4).
25
Let t = 35 - 25. What is the remainder when 23 + -2*(-18)/(-6) is divided by t?
7
Let y be (4/2)/(-2 - 0). Let x be 54 - ((-3)/y - 1). What is the remainder when 2*1 + (x - 3) is divided by 13?
12
Let l be (-1)/4 + -4 + (-55)/20. Let g(t) = t**2 + 8*t + 8. Let w = -1 - -2. What is the remainder when g(l) is divided by w?
0
Let o be 3 - (-24 - (-1 - 2)). Suppose 0 = 4*i - 68 + o. Calculate the remainder when 32 is divided by i.
10
Suppose 53*d - 315 = 38*d. What is the remainder when 54 is divided by d?
12
Let v(d) = -5*d**2 - 54*d - 43. Suppose 2*y - 22 = -2. Calculate the remainder when v(-9) is divided by y.
8
Let k(c) = 41*c**3 + c**2 + 3*c - 5. Let h be k(2). Suppose -4*l = 25 - h. What is the remainder when l is divided by 26?
25
Let l be ((-4)/(-6))/(5/75). Let v be 4/l + 314/(-10). Let q = -15 - v. Calculate the remainder when 27 is divided by q.
11
Suppose 15*z - 10*z - 4*k = 2393, -4*z + k = -1910. What is the remainder when z is divided by 16?
13
Suppose 5*m = -2*f + 130, 0 = 10*f - 13*f + 3*m + 237. What is the remainder when f is divided by 28?
19
Suppose -5*q + 161 = 2*a, -4*a = -5*q + 3*q + 74. Calculate the remainder when 96 is divided by q.
30
Suppose 151 = 5*q + 46. Suppose -4*f + 2*x = 2, -2*f + f = -x. Calculate the remainder when q is divided by 217/28 + ((-6)/8 - f).
5
Suppose g - 6 = 5*a, 7*a = 2*g + 2*a - 12. What is the remainder when 21 is divided by g?
3
Suppose -473 = 5*b - 1278. What is the remainder when b is divided by 42?
35
Suppose 3*d = -13*d + 512. Calculate the remainder when d is divided by 4.
0
Suppose -2*v + 4*x = -5*v + 216, -3*x + 216 = 3*v. What is the remainder when 204 is divided by v?
60
Suppose -34*o = 31*o - 2925. Calculate the remainder when 65 is divided by o.
20
Let r be (-2)/(-6)*18/(-6). Let x(f) = -28*f - 1. Calculate the remainder when x(r) is divided by 10.
7
Let z(v) = -2*v - 15. Suppose 10 + 3 = -b. Calculate the remainder when z(b) is divided by 4.
3
Suppose 8*h - 3*h = -4*p + 59, 0 = -4*p + 4*h + 104. Calculate the remainder when 1908 is divided by p.
18
Let o = -807 - -1295. What is the remainder when o is divided by 6?
2
Suppose 67*i = 76*i - 189. Suppose d - 17 = -4*g, -5*g = 4*d - 13 - 44. Calculate the remainder when i is divided by d.
8
Let l(o) = -o**3 - 2*o - 2*o**2 + o**2 + 7*o**2 + 6. Calculate the remainder when l(3) is divided by 16.
11
Let s = -208 - -219. What is the remainder when 250 is divided by s?
8
Suppose 9*c = 11*c - 164. Let w = c - 45. What is the remainder when w is divided by 10?
7
Suppose 5*b - b = 200. Let a be ((-18)/(-9))/(4/(-6)). Let g(m) = -m**3 - m**2 + 2*m + 1. Calculate the remainder when b is divided by g(a).
11
Suppose 7*u = 9*u - 2*n - 66, -2*u = n - 54. Calculate the remainder when 55 is divided by u.
26
Suppose 0 = -n + 18 + 6. Let p = -10 + 25. Calculate the remainder when n is divided by p.
9
Let z(k) = 3*k - k + 3*k**2 + 1 - 4*k. Let s be z(1). Suppose -t = s*t - 54. Calculate the remainder when t is divided by 5.
3
Let x(o) = -11 - 3*o + 3*o - 3*o. Suppose 0 = -s + 7 - 13. What is the remainder when 32 is divided by x(s)?
4
Suppose -4*q = -3*q - 5. Suppose -4*g - 350 = -5*k - g, 0 = -q*g. Calculate the remainder when k is divided by 15.
10
Suppose 0 = 24*p - 25*p + 29. What is the remainder when p is divided by 6?
5
Let f(d) = d**2 + 15*d + 50. Let s be f(-5). Suppose -q + 5 = -s. Calculate the remainder when 11 is divided by q.
1
Let t = -61 + 99. Let i = -23 - -37. Calculate the remainder when t is divided by i.
10
Suppose 3*a = -4*h + 17, -4*h + 8 = -0*h. Suppose -5*u - 51 = -2*x - 256, a*x = 15. Calculate the remainder when 128 is divided by u.
42
Let y = 282 + -142. What is the remainder when y is divided by 11?
8
Let s(o) = -30*o - 220. Calculate the remainder when s(-9) is divided by 33.
17
Suppose -86 = -2*w - 0*w. Suppose 5*h - w = 17. What is the remainder when (h/10)/(8/100) is divided by 8?
7
Let o(q) = 144*q + 155. What is the remainder when o(11) is divided by 12?
11
Suppose -89 = -3*o - 29. What is the remainder when o is divided by 16?
4
Let v = -1 + 2. Calculate the remainder when 604/8 - 12/(-8) is divided by (v/(-2))/((-1)/40).
17
Let i be (2/3)/((-6)/270). Let x be ((-585)/i)/(2/4). Suppose 14*t = 17*t - x. What is the remainder when 38 is divi